823
List the prime factors of 484718.
2, 13, 103, 181
What are the prime factors of 574084?
2, 7, 29, 101
What are the prime factors of 4857667?
43, 173, 653
What are the prime factors of 5366?
2, 2683
List the prime factors of 46380.
2, 3, 5, 773
What are the prime factors of 7341508?
2, 23, 199, 401
List the prime factors of 2793302.
2, 677, 2063
What are the prime factors of 780657?
3, 17, 15307
List the prime factors of 17246142.
2, 3, 521, 613
What are the prime factors of 15174923?
419, 36217
List the prime factors of 272062.
2, 7, 19433
List the prime factors of 14137.
67, 211
List the prime factors of 1566385.
5, 523, 599
List the prime factors of 638278.
2, 337, 947
List the prime factors of 320246.
2, 17, 9419
What are the prime factors of 482060?
2, 5, 24103
What are the prime factors of 4960908?
2, 3, 137803
What are the prime factors of 1698312?
2, 3, 7, 11, 919
What are the prime factors of 609335?
5, 121867
What are the prime factors of 34357683?
3, 241, 47521
List the prime factors of 21174896.
2, 1323431
What are the prime factors of 119080?
2, 5, 13, 229
List the prime factors of 495081.
3, 55009
List the prime factors of 110991.
3, 36997
What are the prime factors of 29792470?
2, 5, 619, 4813
List the prime factors of 19052692.
2, 283, 16831
List the prime factors of 671344.
2, 41959
List the prime factors of 3312691.
31, 106861
What are the prime factors of 168488?
2, 21061
List the prime factors of 34367592.
2, 3, 7, 31, 6599
List the prime factors of 1202929.
7, 13, 13219
What are the prime factors of 8116094?
2, 7, 579721
What are the prime factors of 497403?
3, 17, 3251
List the prime factors of 549251.
109, 5039
What are the prime factors of 5186970?
2, 3, 5, 19211
List the prime factors of 1615697.
17, 101, 941
List the prime factors of 423861.
3, 17, 8311
What are the prime factors of 169718?
2, 84859
List the prime factors of 2127100.
2, 5, 89, 239
List the prime factors of 3444035.
5, 7, 19, 5179
List the prime factors of 440523.
3, 48947
List the prime factors of 157073.
7, 19, 1181
What are the prime factors of 5425572?
2, 3, 452131
List the prime factors of 83991.
3, 27997
List the prime factors of 335585.
5, 41, 1637
What are the prime factors of 622793?
622793
List the prime factors of 309647.
13, 23819
What are the prime factors of 4927348?
2, 17, 72461
What are the prime factors of 6948568?
2, 11, 281
List the prime factors of 160573.
7, 29, 113
What are the prime factors of 2885051?
13, 23, 9649
What are the prime factors of 134316?
2, 3, 7, 13, 41
List the prime factors of 134135.
5, 139, 193
List the prime factors of 4600907.
19, 103, 2351
List the prime factors of 1589391.
3, 176599
List the prime factors of 37750982.
2, 17, 29, 38287
List the prime factors of 21483194.
2, 10741597
List the prime factors of 2153401.
2153401
What are the prime factors of 595435?
5, 119087
What are the prime factors of 1423997?
1423997
What are the prime factors of 5286317?
5286317
List the prime factors of 3329201.
3329201
List the prime factors of 201064.
2, 41, 613
List the prime factors of 1596640.
2, 5, 17, 587
What are the prime factors of 4151280?
2, 3, 5, 7, 353
List the prime factors of 487774.
2, 7, 34841
List the prime factors of 254515.
5, 109, 467
List the prime factors of 281761.
281761
What are the prime factors of 378546?
2, 3, 7, 9013
List the prime factors of 7200171.
3, 11, 8081
List the prime factors of 546113.
73, 7481
List the prime factors of 165958.
2, 13, 491
What are the prime factors of 100123?
59, 1697
What are the prime factors of 4482702?
2, 3, 7, 59, 67
What are the prime factors of 618709?
7, 13, 523
What are the prime factors of 13152782?
2, 929, 7079
List the prime factors of 6277364.
2, 59, 67, 397
What are the prime factors of 640403?
157, 4079
List the prime factors of 1401300.
2, 3, 5, 173
What are the prime factors of 2452289?
7, 73, 4799
List the prime factors of 14826724.
2, 11, 317, 1063
List the prime factors of 43289.
73, 593
List the prime factors of 637228.
2, 17, 9371
What are the prime factors of 231689?
443, 523
What are the prime factors of 1866984?
2, 3, 7, 11113
List the prime factors of 26519.
23, 1153
List the prime factors of 991668.
2, 3, 23, 3593
What are the prime factors of 8673703?
8673703
What are the prime factors of 2539732?
2, 13, 17
List the prime factors of 3539538.
2, 3, 7283
What are the prime factors of 147414?
2, 3, 79, 311
What are the prime factors of 498718?
2, 11, 22669
What are the prime factors of 28079?
43, 653
What are the prime factors of 12601606?
2, 79, 79757
List the prime factors of 628631.
149, 4219
List the prime factors of 596600.
2, 5, 19, 157
List the prime factors of 12934895.
5, 2586979
What are the prime factors of 1031467?
109, 9463
List the prime factors of 468915.
3, 5, 43, 727
What are the prime factors of 116505?
3, 5, 863
What are the prime factors of 64866?
2, 3, 19, 569
List the prime factors of 7906486.
2, 7, 103, 5483
What are the prime factors of 6444673?
587, 10979
List the prime factors of 3865858.
2, 173, 11173
List the prime factors of 189865.
5, 13, 23, 127
List the prime factors of 1239424.
2, 23, 421
What are the prime factors of 1802424?
2, 3, 13, 53, 109
List the prime factors of 13694.
2, 41, 167
What are the prime factors of 22404066?
2, 3, 29, 331, 389
What are the prime factors of 452421?
3, 17, 2957
List the prime factors of 720535.
5, 53, 2719
List the prime factors of 5282285.
5, 19, 55603
List the prime factors of 4150512.
2, 3, 19, 37, 41
What are the prime factors of 13532899?
13532899
What are the prime factors of 8392830?
2, 3, 5, 279761
List the prime factors of 16909434.
2, 3, 939413
List the prime factors of 131092.
2, 13, 2521
List the prime factors of 455313.
3, 151771
List the prime factors of 536109.
3, 7, 521
List the prime factors of 12673541.
1399, 9059
List the prime factors of 1109144.
2, 19, 7297
List the prime factors of 1027869.
3, 79, 4337
List the prime factors of 19578532.
2, 4894633
List the prime factors of 7215023.
379, 19037
List the prime factors of 1585147.
1585147
List the prime factors of 392646.
2, 3, 31, 2111
List the prime factors of 35503.
13, 2731
List the prime factors of 98138.
2, 49069
List the prime factors of 425521.
425521
What are the prime factors of 13283539?
13283539
What are the prime factors of 4869062?
2, 11, 43, 5147
What are the prime factors of 3566735?
5, 713347
List the prime factors of 1641464.
2, 11, 23, 811
What are the prime factors of 164191?
164191
What are the prime factors of 597791?
677, 883
List the prime factors of 14152396.
2, 1543, 2293
List the prime factors of 2545494.
2, 3, 7, 60607
List the prime factors of 2487523.
2487523
What are the prime factors of 6730316?
2, 257, 6547
List the prime factors of 1446849.
3, 41, 1307
List the prime factors of 5034353.
5034353
What are the prime factors of 6567261?
3, 43, 50909
What are the prime factors of 13514488?
2, 13, 199, 653
What are the prime factors of 6887749?
11, 626159
What are the prime factors of 309?
3, 103
List the prime factors of 493236.
2, 3, 4567
List the prime factors of 680206.
2, 340103
List the prime factors of 3172119.
3, 139, 7607
List the prime factors of 5771780.
2, 5, 7, 41227
List the prime factors of 8210722.
2, 13, 31, 61, 167
List the prime factors of 57978.
2, 3, 3221
List the prime factors of 1381295.
5, 227, 1217
List the prime factors of 2093219.
2093219
What are the prime factors of 1128392?
2, 17, 8297
What are the prime factors of 1952273?
911, 2143
List the prime factors of 6225.
3, 5, 83
List the prime factors of 551132.
2, 211, 653
List the prime factors of 1413672.
2, 3, 13, 23, 197
List the prime factors of 51265.
5, 10253
What are the prime factors of 10785746?
2, 547, 9859
List the prime factors of 1858257.
3, 19, 10867
List the prime factors of 40174156.
2, 11, 37, 24677
List the prime factors of 7797.
3, 23, 113
List the prime factors of 2602111.
2602111
What are the prime factors of 9290019?
3, 67, 46219
What are the prime factors of 613914?
2, 3, 7, 47, 311
What are the prime factors of 6161616?
2, 3, 17, 839
What are the prime factors of 374228?
2, 93557
List the prime factors of 12048683.
12048683
List the prime factors of 11292222.
2, 3, 1882